 -16 - 16) + 2 + -3 + 3?
4
What is (7 - 26 - 25) + 25?
-19
What is the value of (-84 - 11) + 117 - (0 - (-1 - -2))?
23
What is -565 - -554 - (5 + (1 - -2))?
-19
What is the value of -268 + 276 + (-6 - 1)?
1
Evaluate -16 - (-42 + 2 + 9).
15
(-15 - -42) + -4 + 1 + (0 - 7)
17
Evaluate (-6 + -3 - -1) + -2 + 20.
10
What is 17 + (17 + -6 - 26)?
2
Evaluate -30 + (17 + -3 - (-69 + 78)).
-25
3 - 11 - (4 - 6)
-6
What is (7 - (15 + -1)) + -3 + -2?
-12
What is the value of -13 - (2 - 4) - (66 - 71)?
-6
Calculate 0 - -14 - (37 - (38 - 17)).
-2
What is (1 - 0) + -1 - (559 - 549)?
-10
What is 6 - (23 + -12) - (-2 + 6)?
-9
What is the value of (-40 - -40) + 1 + -23 - (-8 - -15)?
-29
Evaluate 6 - (15 + -19) - -2.
12
What is the value of -8 + 18 + -7 + 3?
6
Calculate (0 + 1 - 12) + (27 - 11).
5
What is the value of (0 + 3 - (17 - 2) - -3) + -2?
-11
Evaluate -45 - (-16 + 30 - 26).
-33
What is -2 + -6 - (2 + (-2 - 1))?
-7
Evaluate 6 + 4 + (9 - 10).
9
What is (11 + -7 - -3) + -12 + (-8 - -3)?
-10
13 - ((0 - 2) + (1 - -7) + -5)
12
Calculate -6 + 1 + (16 - 11 - -2).
2
What is -21 + 97 - 39 - 73?
-36
What is the value of (9 - (-11 + 36)) + 11?
-5
What is the value of 5 - (14 + -8) - 6 - (-13 - -8)?
-2
What is the value of -17 + 9 + 4 + 1 - (-2 - -6)?
-7
What is 26 + -5 - (43 + -36)?
14
What is -2 + -3 - ((5 - 2) + -1) - -18?
11
4 - (26 - 13 - -2)
-11
10 - (8 - -31 - 7)
-22
What is the value of 1 - -2 - (-8 + (11 - (-5 - 3)))?
-8
Evaluate -8 - (1 + (-13 - -3 - -4)).
-3
Calculate 32 - ((-13 - -11) + 16).
18
What is (6 - 12) + (7 - -2) + 1 + -3?
1
What is the value of -6 - -20 - (-36 + 33)?
17
Calculate (-3 + -18 - -5 - -7) + 4.
-5
What is (20 - 32) + -7 + (7 - 5)?
-17
Evaluate -9 + (8 - (-1 + 3) - 6) + -4.
-13
Evaluate (7 + -5 - 46) + 33.
-11
What is 1 - (11 + (8 - 26 - -9))?
-1
What is 6 + 5 - (-4 + 18)?
-3
Calculate 5 - (43 + (-19 - 3)).
-16
18 + -1 + -4 + (20 - 18 - -11)
26
What is the value of 0 + 11 - (64 - 64 - -4)?
7
Calculate (1 + -37 - -16) + 37.
17
Evaluate -16 - (4 + -11 - 18).
9
Calculate 0 + 0 + (-37 - -10 - -13).
-14
Calculate -13 - ((19 - (-12 + 15)) + -24).
-5
Evaluate -107 + 121 - (-5 - 1).
20
What is the value of (-70 - -71) + (-4 - (-4 - -2))?
-1
What is -85 + 28 + 11 - -12?
-34
Calculate -5 - (-1 + 5 + -1 + (0 - -1)).
-9
Calculate (16 - (-20 + -10)) + -22.
24
-14 - -30 - 7 - (-17 - -31)
-5
Evaluate (2 - 11) + 20 - 21.
-10
Calculate -18 + ((11 - -5) + -6 - -37).
29
What is 9 + -1 - ((30 - -2) + (1 - 8))?
-17
What is the value of 7 - 0 - (19 - -7 - 9)?
-10
Calculate 1 - (21 - -10) - -12.
-18
What is 155 - 151 - (1 + 5)?
-2
Evaluate -8 + 0 - (-268 + 261).
-1
Evaluate -6 + 5 - (3 + (-6 - 4) - 5).
11
What is (-1 - -22) + (-7 - (15 + -19)) - 0?
18
Evaluate 5 + (-45 - (10 + -47)).
-3
Calculate (17 - 2) + -4 - (134 + -123).
0
What is the value of -15 + (5 + 11 - 16) + 4?
-11
7 + (1 + -12 - -8) + -15
-11
What is the value of (73 - 71) + -3 + (-8 - -8)?
-1
(17 - 2) + (-35 - -34) - 26
-12
Evaluate 2 + 25 + -10 - 10.
7
(1 - 8) + 19 + 25 + (-9 - 25)
3
Calculate (31 - 19) + -18 - -8.
2
Calculate (1 - (-6 + -4)) + -4.
7
Calculate -1 - (0 - -1 - 8) - 0.
6
-14 + (-1 + -9 - (1 + (18 - 31)))
-12
Evaluate (6 + -8 - 19) + 2 + 8.
-11
Calculate (-5 + 33 - -5) + -23.
10
Calculate 9 + 14 + -11 - (-2 + 10).
4
Calculate -1 + (-15 - (11 + -15)).
-12
What is 12 + -2 + (12 - 3) - 8?
11
What is the value of -1 + 3 + -1 - (-15 + (-4 - -19))?
1
(-2 - -6) + (-11 - -6 - -6)
5
Evaluate (6 - -12) + 2 + (3 - 22).
1
What is -18 + 1 + -9 + 25?
-1
-6 - -1 - (14 - (7 - (6 + -4)))
-14
Calculate -14 - (27 + (36 - 82)).
5
What is 23 + -3 + -6 + (28 - 33)?
9
What is the value of 27 - 38 - (-11 + -2 - 3)?
5
Evaluate 0 + -2 - (149 - 133).
-18
Calculate 2 + (-2 + 10 - 11) + -13.
-14
Evaluate -4 + -2 + 1 + -3 - 2.
-10
What is (4 - (11 - (5 - (0 - 0)))) + -7?
-9
(6 - 3 - 8 - (28 - 34)) + 6
7
What is the value of -4 + -25 + 129 + -73?
27
What is the value of 9 - (11 - -3) - 4?
-9
Calculate -110 + 95 + 11 - (1 + 1 + -19).
13
What is the value of (-3 - (4 + -15)) + (-35 - -36)?
9
495 - 512 - (-6 + 1)
-12
-36 + 10 + -20 + (17 - (-1 - 0))
-28
What is the value of 62 + -77 + 5 + 0?
-10
What is the value of 39 - ((-4 - (-11 - -4)) + 12)?
24
Calculate 1 + -13 - (-1 - 13) - 29.
-27
What is the value of 11 + (-8 - -11) - (31 + -27)?
10
Evaluate 12 + -20 + 6 + 11.
9
Calculate 29 + -36 - (-12 + -1).
6
What is the value of (21 + 1 - 7) + -13?
2
(-4 - 18) + 28 - 18
-12
What is the value of 6 - (12 - (3 + 5 + -5 + 0))?
-3
17 + (12 - (-3 + 25 + 5))
2
Calculate 15 - (6 - 7 - -40) - 5.
-29
Evaluate 0 - 2 - ((6 - -4) + -20).
8
What is 7 + (0 - 6 - -3) - (1 - -3)?
0
Calculate 4 + -1 + (-22 - -11) - (-2 + -29).
23
11 + (-1 - 5) - (-14 + 29 - -3)
-13
-4 + 1 + (-12 - 3 - -1)
-17
22 - (7 - 0 - (-62 - -66))
19
-3 - (-11 + 1 - (-1 - 4))
2
(7 - -4) + -86 + 44
-31
Evaluate (-2 + 21 + -15 - (-1 + 14)) + 8.
-1
Evaluate -21 + -10 + 30 + -18.
-19
Evaluate -17 - (-16 + -29 - -28).
0
Calculate -11 + 28 + -14 + -16.
-13
(-1 + -2 - 7) + 146 + -116
20
(26 - 50) + -24 + 31
-17
What is the value of 25 - 11 - (-2 + -12)?
28
Calculate 8 + -17 + (-6 - (-22 + 38)).
-31
What is (115 - 106) + 1 + 2 + (0 - 2)?
10
9 - -3 - (-104 + 123)
-7
What is the value of -1 + 3 - (-360 - -355)?
7
What is the value of (-222 - -228 - (0 + 13)) + -12?
-19
(-14 - 2) + 17 + -14
-13
Evaluate (-2 - -4) + (-27 - -34) + -7.
2
9 + 7 + -29 - (10 - 27)
4
Calculate -10 - (0 + -24 - -23).
-9
1 + -5 + -2 + 1 + -1
-6
Calculate (0 - -8) + (22 - 6) - -8.
32
What is 2 + -9 + -3 - -2?
-8
What is (12 - (-5 + -8)) + -33?
-8
7 + (-7 - 7) - -1
-6
What is 7 - (1 + -6 + 0 + 8)?
4
What is the value of (-29 - (9 + -24)) + 2?
-12
What is the value of (-11 - 4 - 0) + 6 + -4?
-13
What is the value of 22 + -12 + -11 + (1 - (-11 + 0))?
11
(-1 - (7 + (-5 - -3) + 1)) + -2
-9
Evaluate (1 - (-22 - -10)) + -6.
7
What is the value of -2 + (7 - 2) + -3 + -2 + -4?
-6
What is 13 + 2 - (-1 + (6 - 2))?
12
What is -4 + (-1 + -9 + 30 - 7)?
9
(-5 - 1) + -18 + 36 + -20
-8
Calculate (-4 - 14) + (-3 + 0 - -11).
-10
What is 24 + -19 - 0 - -7?
12
What is the value of (23 - 28) + (1 - (0 - 0 - 1))?
-3
What is the value of 1121 - 1117 - (1 + (0 - 0))?
3
What is (-19 - -8) + 44 + -15?
18
76 + -54 + (-2 - -1) + (6 - 12)
15
What is -131 + 114 + (-1 - 3)?
-21
What is the value of 0 + 3 + -1 + (-90 - -82) + 31?
25
Calculate 17 - (-3 - -23 - 9).
6
Evaluate -6 + 14 - ((-6 - -18) + 6).
-10
Evaluate 15 - (-3 + 3) - (-20 - -28).
7
Calculate 0 + 9 + (33 - (-105 + 151)).
-4
Evaluate (-33 - -42) + 0 + (-1 - 0).
8
What is the value of (-2 - (2 + 2)) + -20 + 36?
10
Calculate 1 + -14 + (-88 - -98) + (0 - -9).
6
Calculate 6 + (0 - 11) + -27 + 28.
-4
What is (10 - 3 - 10) + (-33 - -29)?
-7
Evaluate 4 - (1 + -39) - 36.
6
-7 + -23 + 1 - 7
-36
7 + 5 + -15 + 23
20
4 + 9 - 5 - -10
18
Evaluate 2 + -9 - (-8 - -4) - (3 - 2).
-4
Calculate 3 + -8 + -1 + 7.
1
What is 0 + -31 - (44 + 29 + -78)?
-26
What is -4 + -12 + 4 + -2 + 13?
-1
Calculate 1 - (-9 + 16) - 12.
-18
Evaluate -16 + 5 + 16 + 1.
6
What is the value of -12 - ((-2 - 5) + -2 - 11)?
8
Evaluate -13 - (-25 + 17 + 19).
-24
-15 + -1 + -1 + 11 + (6 - 11)
-11
What is -1 - (0 + 1) - -1?
-1
Calculate -5 + 1 + -16 + (16 - (-12 + 19)).
-11
What is 1 - -8 - (-24 - -36 - -16)?
-19
Evaluate 2 + (-7 - 2) + (-540 - -535).
-12
What is the value of (2 - (-6 + -24)) + -3 + -10?
19
Evaluate 24 - 0 - (10 + (3 - (6 + 0))).
17
-83 + 84 + 2 + -1 + -4
-2
Calculate 10 - (-25 + 27) - (25 + 2).
-19
-86 + 80 - (-17 - 1)
12
What is the value of 2 - (22 + -10 + (17 - 14))?
-13
0 + 8 + (-24 + 17 - -11)
12
What is the value of 19 + -1 + (-19 - -11)?
10
What is 32 - (23 - (2 + 18))?
29
What is the value of -27 - -3 - (-3 + 5 + -12)?
-14
What is the value of (-2 - -1 - -6) + 0 - (1 - 1)?
5
Evaluate 44 + -32 - (21 + -1).
-8
What is 7 - (21 - 8) - -21?
15
What is the value of 14 + 0 - (-36 + (-42 - -104))?
-12
What is the value of (-12 - 8) + 8 - (1 + -21)?
8
(58 - (19 - -10)) + 2 + -12
19
What is 17 + -6 + 17 + -16 + 3 + 1?
16
Evaluate (29 - -1) + -241 + 248.
37
-34 + 2 + 2 + -3 + (1 - 0)
-32
(1 - (14 + -4)) + 28 + -1 + -3
15
What is the value of (-2 - (-6 + (-1 - 1))) + 4 + 0?
10
Calculate -1 + -4 + -1 + 35 - (5 - 6).
30
Evaluate 2 - (-2 - (-6 + (-6 - -9))) - 20.
-19
What is -9 + 24 + -5 + -29?
-19
What is t